1 is divided by 194?
163
Calculate the remainder when 1034 is divided by 52.
46
What is the remainder when 227 is divided by 71?
14
Calculate the remainder when 820 is divided by 273.
1
Calculate the remainder when 301 is divided by 16.
13
What is the remainder when 208 is divided by 19?
18
What is the remainder when 70 is divided by 47?
23
What is the remainder when 123 is divided by 7?
4
Calculate the remainder when 1319 is divided by 24.
23
Calculate the remainder when 54 is divided by 11.
10
What is the remainder when 12279 is divided by 65?
59
What is the remainder when 1043 is divided by 106?
89
Calculate the remainder when 78 is divided by 22.
12
Calculate the remainder when 148 is divided by 14.
8
Calculate the remainder when 242 is divided by 27.
26
What is the remainder when 24 is divided by 4?
0
What is the remainder when 314 is divided by 49?
20
What is the remainder when 1845 is divided by 26?
25
Calculate the remainder when 250 is divided by 55.
30
Calculate the remainder when 94 is divided by 47.
0
What is the remainder when 951 is divided by 191?
187
What is the remainder when 213 is divided by 9?
6
Calculate the remainder when 559 is divided by 56.
55
Calculate the remainder when 750 is divided by 245.
15
Calculate the remainder when 36 is divided by 14.
8
Calculate the remainder when 14625 is divided by 59.
52
What is the remainder when 82 is divided by 12?
10
Calculate the remainder when 180 is divided by 37.
32
Calculate the remainder when 733 is divided by 93.
82
What is the remainder when 383 is divided by 45?
23
What is the remainder when 38 is divided by 32?
6
What is the remainder when 186 is divided by 89?
8
What is the remainder when 979 is divided by 98?
97
What is the remainder when 1453 is divided by 293?
281
What is the remainder when 281 is divided by 71?
68
What is the remainder when 1829 is divided by 204?
197
Calculate the remainder when 81 is divided by 21.
18
What is the remainder when 7904 is divided by 255?
254
Calculate the remainder when 63 is divided by 4.
3
Calculate the remainder when 918 is divided by 183.
3
What is the remainder when 417 is divided by 15?
12
What is the remainder when 174 is divided by 60?
54
Calculate the remainder when 224 is divided by 5.
4
What is the remainder when 320 is divided by 83?
71
What is the remainder when 180 is divided by 60?
0
What is the remainder when 89 is divided by 26?
11
Calculate the remainder when 983 is divided by 165.
158
Calculate the remainder when 514 is divided by 250.
14
What is the remainder when 528 is divided by 19?
15
What is the remainder when 124 is divided by 12?
4
Calculate the remainder when 91 is divided by 8.
3
Calculate the remainder when 71 is divided by 45.
26
Calculate the remainder when 1499 is divided by 37.
19
What is the remainder when 2967 is divided by 33?
30
What is the remainder when 369 is divided by 121?
6
What is the remainder when 449 is divided by 89?
4
What is the remainder when 1171 is divided by 79?
65
Calculate the remainder when 289 is divided by 21.
16
What is the remainder when 1489 is divided by 79?
67
Calculate the remainder when 623 is divided by 21.
14
Calculate the remainder when 1268 is divided by 26.
20
Calculate the remainder when 637 is divided by 11.
10
What is the remainder when 79 is divided by 6?
1
What is the remainder when 1572 is divided by 21?
18
Calculate the remainder when 2355 is divided by 36.
15
What is the remainder when 348 is divided by 345?
3
What is the remainder when 199 is divided by 17?
12
Calculate the remainder when 19887 is divided by 10.
7
What is the remainder when 4869 is divided by 53?
46
Calculate the remainder when 159 is divided by 16.
15
Calculate the remainder when 338 is divided by 15.
8
Calculate the remainder when 10756 is divided by 269.
265
What is the remainder when 77682 is divided by 15?
12
Calculate the remainder when 325 is divided by 57.
40
Calculate the remainder when 1138 is divided by 5.
3
Calculate the remainder when 1220 is divided by 37.
36
What is the remainder when 289 is divided by 70?
9
What is the remainder when 498 is divided by 79?
24
Calculate the remainder when 809 is divided by 203.
200
Calculate the remainder when 330 is divided by 48.
42
Calculate the remainder when 820 is divided by 28.
8
What is the remainder when 7697 is divided by 51?
47
What is the remainder when 55 is divided by 24?
7
Calculate the remainder when 854 is divided by 85.
4
What is the remainder when 161 is divided by 36?
17
What is the remainder when 538 is divided by 54?
52
What is the remainder when 990 is divided by 16?
14
What is the remainder when 206 is divided by 23?
22
What is the remainder when 395 is divided by 50?
45
What is the remainder when 168 is divided by 44?
36
What is the remainder when 2507 is divided by 57?
56
Calculate the remainder when 1778 is divided by 27.
23
What is the remainder when 2183 is divided by 19?
17
What is the remainder when 67 is divided by 18?
13
What is the remainder when 11445 is divided by 12?
9
Calculate the remainder when 74 is divided by 12.
2
What is the remainder when 1311 is divided by 14?
9
What is the remainder when 533 is divided by 246?
41
What is the remainder when 15213 is divided by 179?
177
What is the remainder when 216 is divided by 108?
0
What is the remainder when 1217 is divided by 7?
6
Calculate the remainder when 2799 is divided by 112.
111
What is the remainder when 47 is divided by 33?
14
What is the remainder when 72 is divided by 35?
2
Calculate the remainder when 428 is divided by 36.
32
What is the remainder when 590 is divided by 42?
2
What is the remainder when 113 is divided by 6?
5
What is the remainder when 155 is divided by 17?
2
Calculate the remainder when 1292 is divided by 20.
12
Calculate the remainder when 56 is divided by 30.
26
Calculate the remainder when 38 is divided by 23.
15
What is the remainder when 347 is divided by 13?
9
Calculate the remainder when 1212 is divided by 170.
22
What is the remainder when 747 is divided by 10?
7
Calculate the remainder when 283 is divided by 11.
8
Calculate the remainder when 117 is divided by 60.
57
What is the remainder when 7965 is divided by 32?
29
What is the remainder when 528 is divided by 46?
22
Calculate the remainder when 396 is divided by 184.
28
What is the remainder when 172 is divided by 18?
10
Calculate the remainder when 449 is divided by 147.
8
Calculate the remainder when 6 is divided by 4.
2
Calculate the remainder when 1613 is divided by 33.
29
Calculate the remainder when 4317 is divided by 287.
12
What is the remainder when 354 is divided by 7?
4
What is the remainder when 177 is divided by 81?
15
Calculate the remainder when 106 is divided by 37.
32
Calculate the remainder when 264 is divided by 64.
8
Calculate the remainder when 75 is divided by 19.
18
What is the remainder when 6110 is divided by 63?
62
Calculate the remainder when 23 is divided by 20.
3
What is the remainder when 142 is divided by 43?
13
Calculate the remainder when 232 is divided by 12.
4
What is the remainder when 94 is divided by 33?
28
What is the remainder when 45 is divided by 32?
13
Calculate the remainder when 665 is divided by 10.
5
What is the remainder when 198 is divided by 40?
38
What is the remainder when 217 is divided by 13?
9
Calculate the remainder when 17106 is divided by 22.
12
Calculate the remainder when 427 is divided by 13.
11
Calculate the remainder when 565 is divided by 142.
139
What is the remainder when 2010 is divided by 72?
66
What is the remainder when 453 is divided by 23?
16
Calculate the remainder when 694 is divided by 41.
38
Calculate the remainder when 291 is divided by 170.
121
Calculate the remainder when 235 is divided by 212.
23
What is the remainder when 236 is divided by 79?
78
What is the remainder when 1660 is divided by 237?
1
Calculate the remainder when 4028 is divided by 24.
20
What is the remainder when 619 is divided by 104?
99
What is the remainder when 248 is divided by 30?
8
Calculate the remainder when 2373 is divided by 787.
12
What is the remainder when 53 is divided by 36?
17
Calculate the remainder when 8964 is divided by 49.
46
Calculate the remainder when 3082 is divided by 39.
1
Calculate the r